-aa0 + 2d?
-a72
In base 13, what is 2 - 7339?
-7337
In base 2, what is 101101010001000100 + 11?
101101010001000111
In base 10, what is 0 - 10816?
-10816
In base 15, what is -d393 + -4?
-d397
In base 8, what is -74072 + -207?
-74301
In base 12, what is 1266 - 13?
1253
In base 16, what is -4 + 17b9?
17b5
In base 8, what is -1 + -6065?
-6066
In base 3, what is -20111000102 - 0?
-20111000102
In base 11, what is 44 - -16a?
203
In base 11, what is 5 + -a3417?
-a3412
In base 9, what is 126 + 4223?
4350
In base 12, what is -4 + -4a94?
-4a98
In base 4, what is 2 - 101121233?
-101121231
In base 3, what is -212 - -1101102?
1100120
In base 7, what is 1 - -563246?
563250
In base 16, what is 2 - 7f70?
-7f6e
In base 15, what is c98 - ec?
b9b
In base 2, what is 0 + 100000001011000010?
100000001011000010
In base 9, what is -37306 - -5?
-37301
In base 7, what is -1151 + 1352?
201
In base 8, what is -41 - -2217?
2156
In base 6, what is -2104 - -54?
-2010
In base 9, what is 2383034 + -2?
2383032
In base 15, what is 6 - -4176?
417c
In base 3, what is -2001012 - 102212?
-2111001
In base 4, what is 11 + 133132211?
133132222
In base 12, what is 602 + -202?
400
In base 13, what is 2b - -1b28?
1b56
In base 13, what is -67a + -11?
-68b
In base 8, what is 464357 - -3?
464362
In base 16, what is 163 - 5b?
108
In base 2, what is -1 - 110000010011010?
-110000010011011
In base 13, what is 2 + 2209?
220b
In base 4, what is -222 - 2020?
-2302
In base 9, what is 160 - -2537?
2707
In base 11, what is -7829 - 65?
-7893
In base 10, what is 9 - 411314?
-411305
In base 6, what is -442 - -20?
-422
In base 10, what is 29 - 28913?
-28884
In base 3, what is 110 - -101012010?
101012120
In base 6, what is -223054222 - 3?
-223054225
In base 5, what is 33023104 + -1?
33023103
In base 6, what is 1350 + 24?
1414
In base 11, what is 17a1 - -14?
1805
In base 16, what is -3 + -12dc?
-12df
In base 3, what is -11 - 2002121100112?
-2002121100200
In base 3, what is -11110202 - 120?
-11111022
In base 12, what is -4 - -66b4?
66b0
In base 15, what is -302d + -59?
-3087
In base 10, what is 4497175 - -5?
4497180
In base 2, what is 100001111010 - -100010?
100010011100
In base 15, what is -a98 - 63c?
-11d5
In base 12, what is 1 + 251?
252
In base 11, what is -3857 - -8?
-384a
In base 5, what is 41 - -34211424?
34212020
In base 2, what is -11111001001 + 110110110?
-11000010011
In base 7, what is 106 - -6314?
6423
In base 9, what is -214428 + 0?
-214428
In base 8, what is 245 - -2256?
2523
In base 4, what is 100203 + -3222?
30321
In base 8, what is -1574 + 1015?
-557
In base 14, what is -c3 + -15a9?
-168c
In base 15, what is -1 + -30b?
-30c
In base 5, what is 2124 - -11301?
13430
In base 10, what is 322 - 209?
113
In base 12, what is -1576461 - 3?
-1576464
In base 14, what is 1c61 - -2?
1c63
In base 15, what is e + 1d30?
1d3e
In base 10, what is -3477 + 0?
-3477
In base 8, what is 4153 + 170?
4343
In base 4, what is -10013 - -103202?
33123
In base 2, what is 110110100 - -1010110?
1000001010
In base 6, what is 201234 - -11?
201245
In base 16, what is 36 - 6652?
-661c
In base 4, what is 10 + -123133301?
-123133231
In base 3, what is -2 + -1112211012?
-1112211021
In base 11, what is 2234 - 26a?
1a75
In base 10, what is 251 - -353?
604
In base 13, what is -67 - -a4?
3a
In base 8, what is -424 - 20010?
-20434
In base 5, what is -12 - 12140?
-12202
In base 7, what is 10005060 + -1?
10005056
In base 9, what is 33 + -63266?
-63233
In base 14, what is -19129 + 4?
-19125
In base 7, what is -212 - -25352?
25140
In base 2, what is 1 - -110000111111111?
110001000000000
In base 2, what is -11 + 100010010101110?
100010010101011
In base 7, what is 2 + 52216?
52221
In base 2, what is -11000111111 + 10?
-11000111101
In base 5, what is -43 - -22324?
22231
In base 11, what is 1295 + -4a4?
8a1
In base 10, what is -102710 + -3?
-102713
In base 7, what is -564133 + -1?
-564134
In base 8, what is 2012425 + 4?
2012431
In base 16, what is -e26b + 3?
-e268
In base 11, what is -a107 - -a?
-a0a8
In base 11, what is 9a + -3255?
-3166
In base 7, what is 1654 - -3?
1660
In base 8, what is -57 - 1133?
-1212
In base 12, what is 1 + 9b72?
9b73
In base 14, what is -3 - -39744?
39741
In base 5, what is 3100333 - 12?
3100321
In base 6, what is -2 - -2045234?
2045232
In base 3, what is -1012 - 1211212?
-1220001
In base 7, what is 41 - 30352?
-30311
In base 15, what is 44d45 + -3?
44d42
In base 14, what is 1 + 46d5c?
46d5d
In base 3, what is 210010111 + 211?
210011022
In base 16, what is -8 + -402?
-40a
In base 12, what is 240048 - -2?
24004a
In base 5, what is 3 - -32211?
32214
In base 4, what is -2111012 - -3?
-2111003
In base 14, what is 515b + -a7?
5094
In base 14, what is -753b - 1?
-753c
In base 11, what is 809 - 1239?
-530
In base 11, what is -3 - 1072?
-1075
In base 15, what is 135b - 1de?
116c
In base 2, what is -11100000110011000101 + 0?
-11100000110011000101
In base 8, what is 575 - -160?
755
In base 14, what is -41 + -2b6?
-317
In base 13, what is -3ca + -4b?
-448
In base 12, what is -55ba5 + 1?
-55ba4
In base 14, what is 3 - -306b7?
306ba
In base 13, what is 622 + -5?
61a
In base 5, what is -1 - 234303?
-234304
In base 16, what is 4b39c - 0?
4b39c
In base 13, what is 3 + -c01?
-bcb
In base 4, what is 33 + -2213211?
-2213112
In base 15, what is 0 + 3490?
3490
In base 8, what is -2747 - -217?
-2530
In base 6, what is 25 + -1224344?
-1224315
In base 5, what is -31223230 - 10?
-31223240
In base 10, what is 1046 + -18?
1028
In base 8, what is -4706 + -26?
-4734
In base 15, what is -3 - 211cce?
-211cd2
In base 5, what is 2 - -110242?
110244
In base 15, what is -3823 - -16?
-380c
In base 15, what is 1223ed - -1?
1223ee
In base 7, what is 2 + 45601?
45603
In base 7, what is -420 + 5564?
5144
In base 5, what is 1 - -233041134?
233041140
In base 2, what is 100011010 - 1010010?
11001000
In base 3, what is 2001122212020 - 0?
2001122212020
In base 4, what is 11112312 + 10?
11112322
In base 12, what is 11 + 1408?
1419
In base 8, what is 30435 + -455?
27760
In base 8, what is 37 + -614?
-555
In base 8, what is 16720 - -247?
17167
In base 15, what is e - 2885?
-2876
In base 7, what is 0 - -6145?
6145
In base 2, what is -1111111 - -110110?
-1001001
In base 12, what is -68 + 3a45?
3999
In base 8, what is 2 - 414227?
-414225
In base 13, what is 3023 + -12?
3011
In base 6, what is -3 - 40140312?
-40140315
In base 12, what is 431 + -b8?
335
In base 8, what is 133 + 0?
133
In base 3, what is -2120121 + -12120?
-2210011
In base 12, what is -155 + -101a?
-1173
In base 8, what is -117117 + 6?
-117111
In base 3, what is -102120000112 - 1?
-102120000120
In base 13, what is -3aca6 - 7?
-3acb0
In base 2, what is 101001111011101000 + 11?
101001111011101011
In base 4, what is 230 - -1301?
2131
In base 15, what is 1ee - -9e?
29d
In base 14, what is -3 - 2181?
-2184
In base 2, what is -10 + 11110011111110?
11110011111100
In base 3, what is -12021 - -1010?
-11011
In base 9, what is -86048 - 12?
-86061
In base 13, what is 0 - -7a06?
7a06
In base 11, what is -4 + 8a02?
89a9
In base 10, what is 360059 + 17?
360076
In base 9, what is -62131 + -1?
-62132
In base 3, what is 202120 - -212?
210102
In base 16, what is d3 + 21?
f4
In base 15, what is -4e04 + 1?
-4e03
In base 9, what is 15 + -2046?
-2031
In base 16, what is -10 - 42843?
-42853
In base 14, what is db1 + -10?
da1
In base 2, what is -101001100011101 + -10?
-101001100011111
In base 10, what is -1717254 + 1?
-1717253
In base 7, what is -456054 - -6?
-456045
In base 15, what is eb0 + -9?
ea6
In base 16, what is 5 - 24d6?
-24d1
In base 3, what is 2001011 - 212001?
1012010
In base 14, what is -2 + -7ac8?
-7aca
In base 3, what is -1022011 + 222020?
-22221
In base 8, what is -51 - 26664?
-26735
In base 11, what is -9397 + 290?
-9107
In base 8, what is 2 + 404012?
404014
In base 7, what is -1 + -2040320?
-2040321
In base 8, what is -16314 + -6?
-16322
In base 7, what is 41 + 20141?
20212
In base 16, what is -5 + b503?
b4fe
In base 11, what is -1 + -1267?
-1268
In base 11, what is 353 - 12?
341
In base 2, what is -11111010101100 + 0?
-11111010101100
In base 8, what is 1153607 - 2?
1153605
In base 5, what is 333 + 43?
431
In base 13, what is -29 - 51?
-7a
In base 8, what is 117 - -107?
226
In base 4, what is -2 + 1113?
